5)?
-5
Evaluate 10 + 1 + -4 + -1.
6
What is the value of (-1 - 1 - 2) + -5 + 5?
-4
Calculate -6 + 1 + 1 + -5 + 9.
0
Evaluate 1 + -4 + 0 + 2 + -3.
-4
11 + 10 + -16 + -1 + 0
4
Calculate 6 - (-10 - -9 - (-7 + 3)).
3
What is the value of -5 - -3 - -5 - (-2 - 0)?
5
What is 4 + -4 + 4 - 0?
4
Evaluate 3 + (-11 - -4) - (-1 - 0).
-3
What is the value of (3 - 0) + (-6 - -9 - 3)?
3
What is -1 + 4 + -3 + 2 + -3?
-1
Evaluate 2 - (-1 + (-2 + -1 - -3)).
3
(4 - 0) + -5 - 3
-4
What is the value of 9 - (5 - (-7 + 8))?
5
Evaluate -6 - (2 - (0 - -5)).
-3
What is the value of 2 - (-7 - -4 - (-16 - -2))?
-9
What is the value of 7 + (0 - 8) + 5?
4
Calculate (-4 - -7) + -28 + 18.
-7
What is the value of 4 + (-4 + -2 - (-7 - -5))?
0
What is the value of -8 + 7 + (-14 - -2) + 5?
-8
Evaluate 2 - (-4 - -4 - -3 - -2).
-3
What is the value of -7 + -3 + 7 + -4?
-7
What is (-2 - (7 + -5 + 7)) + 7?
-4
What is (-1 + 5 - (6 - 5)) + 0?
3
What is the value of 9 - 5 - (-7 + 14)?
-3
Evaluate 3 + (-4 + 5 - 2).
2
What is (6 - 2) + (2 - 9)?
-3
What is the value of (55 - 51) + -1 + 0?
3
What is 6 - -7 - (1 - -4) - 5?
3
What is the value of 2 + -1 + (0 - 5 - 3)?
-7
What is the value of -8 + 3 - (13 + -20)?
2
Evaluate -1 + -2 - ((3 - -1) + 3).
-10
Calculate (2 - 6) + 2 + (1 - 4).
-5
What is -6 + -1 - (-1 + -8 + 5)?
-3
What is the value of 5 + (-7 + (6 - 3) - -4)?
5
Evaluate -15 + 19 + -8 + -2 + 1.
-5
What is the value of (3 - 9) + (4 - -2)?
0
Evaluate (-7 - -12) + -7 + -1 + -6.
-9
Calculate 7 + (-11 - -9) - 0.
5
(3 - -1) + -5 + 6
5
What is the value of -2 - (-4 + (4 - -2))?
-4
0 + -8 + 2 + -2 + -2
-10
What is the value of -3 + (-3 - -9) - (-1 - 1)?
5
What is (-4 + 1 - -5) + 2?
4
Evaluate -1 + -4 - -2 - -1.
-2
Calculate 2 - (-9 - (0 - 8) - -2).
1
Calculate 4 + -1 + 6 + -6 - 4.
-1
What is -1 - (3 + -4 + 4)?
-4
Evaluate (-5 - -6) + -2 + 0.
-1
Calculate (21 - 18) + -1 + 0.
2
Evaluate (-1 - 2) + (38 - 41).
-6
What is -10 + 1 + 5 - (-2 + -3)?
1
2 - ((5 - 9 - -7) + 4)
-5
What is -4 + (5 + (0 - -1) - -5)?
7
Evaluate (-8 + 3 - -5) + 8 + -2.
6
What is (-2 + -7 - -16) + -16 + 1?
-8
What is 8 - (6 + -8) - 4?
6
What is -51 + 55 - (5 + -1)?
0
Evaluate 4 + -3 + 6 - 3 - 0.
4
What is (-5 - -3) + (1 - 0)?
-1
(-1 - -5) + 2 - 2
4
10 + -16 + 2 - 3
-7
What is the value of -1 - 2 - (-15 + 7)?
5
(1 - -7) + 29 + -31
6
What is the value of (8 - -4 - 22) + 3?
-7
Calculate 0 + -2 + (4 - 0).
2
What is (-5 - -1) + -2 + -2 + 5?
-3
Calculate -11 + (16 - 10) - -11.
6
What is the value of 13 + -4 + 5 + -13?
1
3 - 4 - (0 + 0 + -3)
2
-4 + (3 - 3) - -7
3
Calculate 21 + -11 + (-1 - 4).
5
Evaluate -20 + 13 + 28 - 13.
8
Evaluate 1 - (-4 + (4 - 5 - -4)).
2
2 - 2 - (6 + -9 - -6)
-3
Evaluate -1 - (9 + -4) - -5.
-1
Calculate (-2 - 1 - -1) + -2.
-4
What is the value of (-5 - 5) + 8 + 1?
-1
What is -33 - -33 - (3 - 2)?
-1
What is the value of (-6 - (-14 - -5)) + (1 - -4)?
8
Evaluate (-11 - -18) + 11 - 11.
7
Evaluate -7 - (-4 + 11 - 13).
-1
Calculate -9 + 13 + -4 + 0.
0
Calculate 57 - 54 - (-1 + 4).
0
What is 1 - (5 + (-9 - -3))?
2
Evaluate (-4 - -5) + -3 - 2 - -5.
1
-9 + 7 + (0 - -5)
3
Calculate 7 - (14 + 6 + -14).
1
Calculate -4 + 0 - (9 + -7 - 8).
2
Calculate 13 - (13 + (4 - 9)).
5
Evaluate (4 - -1) + -8 - -4.
1
What is the value of -17 + -9 + 20 - (1 - 11)?
4
What is the value of 12 + (-3 - (13 + -12))?
8
What is -17 + 12 - (2 - 6)?
-1
Calculate -9 + (-2 - -4 - -3).
-4
4 + -8 + 5 - (0 + 0)
1
What is the value of -7 + 2 + 0 - -3?
-2
Evaluate 17 + -2 - 5 - 14.
-4
Evaluate -1 - 1 - (10 + -12 + -2).
2
What is 18 + 0 - 3 - (11 - 4)?
8
Calculate 0 + (1 - (-2 - 0 - -2)).
1
What is the value of 4 + -1 - (-4 + 12 + -1)?
-4
What is the value of (-1 - 7 - (-34 - -27)) + 2?
1
What is -2 - 7 - ((4 - 6) + -1)?
-6
What is the value of -4 - -2 - 3 - 0?
-5
What is the value of -2 + -5 - (-17 - -13)?
-3
Evaluate (-6 - -1) + 1 - (2 + -6).
0
Evaluate -10 + 7 + -2 + 0 + 0.
-5
What is 4 - (-12 - (7 - 17))?
6
1 + 1 - (25 - 27)
4
Calculate -2 - (-3 + -1) - (-13 - -9).
6
Calculate 10 + (-4 - (-4 + 1 + 2)).
7
Calculate 8 - (11 - -3) - -3.
-3
Evaluate -1 + -1 - (4 + -8).
2
Evaluate 2 + 2 - (36 + -37).
5
What is (7 - 4) + 0 - 5?
-2
-1 - (4 - (10 - (3 + -1)))
3
Calculate 5 - (3 + -3 + 7).
-2
Calculate -6 - -5 - (-2 + 4 + 3).
-6
What is -3 + (3 - 0 - 3)?
-3
Calculate -2 - (11 + -6 + -1).
-6
What is 0 + 2 + (5 - 10)?
-3
Evaluate 0 + 0 - (-22 + 23).
-1
-1 - 1 - (-10 - -4)
4
What is the value of 3 + 1 + (-49 - -44) - 3?
-4
Evaluate (8 - (4 + 1)) + -5.
-2
Calculate -7 - -4 - (8 - 8) - -6.
3
Evaluate (2 + -2 - -4) + -4.
0
What is -2 + (-4 - (-3 + -5 + 4))?
-2
Evaluate -3 - (-4 + -1) - 7.
-5
What is the value of (-2 - -1) + (-2 - 3) + 2?
-4
What is 4 - (-12 + 10 + 3)?
3
What is -7 + (-3 + (-1 - -3) - -4)?
-4
What is (-1 - -1) + -2 + 6?
4
Evaluate -6 - (4 + -11 + 10).
-9
Evaluate 18 + -4 + -15 + (4 - -2).
5
What is 5 + 6 + -11 - 2?
-2
Calculate 5 + 11 + -8 - 13.
-5
1 + 9 + -141 + 132
1
What is 2 - (-6 - -4) - 5?
-1
Evaluate (3 - (4 + -1)) + 3.
3
What is -4 + 1 + 2 + 0?
-1
What is the value of -2 - -2 - (-3 - (8 - 7))?
4
Calculate -8 - -4 - (-5 - 1).
2
What is the value of -5 + 1 + (1 - (0 - -1))?
-4
0 + 7 + 4 - (-24 - -28)
7
What is the value of -1 + (0 + -2 - (-7 + 3))?
1
Evaluate 1 + -2 + -3 + 9.
5
Calculate (5 + 3 - (5 - 2)) + -10.
-5
What is the value of -4 + -9 + 8 - -7?
2
What is (-1 - (0 + (1 - 1))) + -1?
-2
What is the value of -12 - (9 - 16) - (0 + -12)?
7
What is the value of -2 - (-4 + 7 - 4)?
-1
(8 + -4 - 3) + -3 - -2
0
Evaluate 14 + -10 + -11 + 15.
8
What is -1 - (2 + (-2 - -4))?
-5
6 - (-1 + 0 + 10 - 10)
7
What is the value of -7 - -2 - (-6 + 3)?
-2
What is 3 + 0 + -8 + 4?
-1
Evaluate (3 - 1) + -5 + -1 + 3.
-1
Calculate (-1 - (2 + 2)) + 3.
-2
-2 + 9 - -3 - 17
-7
Evaluate -4 + (0 + 2 - (22 + -27)).
3
What is (3 + -1 - (-7 - -5)) + 1?
5
2 + (-1 - -1) + 0 + 3
5
What is the value of 283 + -276 + (-4 - -1 - 0)?
4
What is the value of 67 - 62 - (-1 + 4)?
2
-13 - (-6 + 4 - 9)
-2
13 + 1 - 15 - (2 + -1)
-2
-1 + (2 + -3 + 1 - -1)
0
What is -3 - 0 - (-3 - -3)?
-3
Evaluate (2 - -2) + (-8 - -7) - 4.
-1
What is 0 + (5 - (-6 - -12))?
-1
Calculate -9 + (3 - 3) + 7.
-2
Calculate 1 + -5 + -10 + 22 - 4.
4
Evaluate -5 - ((-10 - -5) + 2 - 0).
-2
Evaluate 1 - (-6 + 3 + -2).
6
Evaluate (-2 - -15) + -20 + 12.
5
Calculate 1 + 11 - 7 - (-1 - -5).
1
Calculate 2 - (7 + 3 + -9).
1
What is 1 + 2 + (6 - 3) + -2?
4
Calculate (1 - -1) + (-7 - (-23 - -13)).
5
What is the value of -2 + -5 + 6 + 0 + -1?
-2
What is (-3 - (17 - 13)) + 18?
11
Calculate 1 + (10 - 2) - (2 - -2).
5
(-1 - 0) + 3 + (-5 - 0)
-3
What is -2 + -5 + 8 + 0?
1
Evaluate -4 + 7 + -6 - (-6 + -1).
4
What is 1 + -2 + (-3 - -2)?
-2
What is -2 - 2 - (-22 + 20)?
-2
Calculate -45 + 52 + -2 + (-1 - 0).
4
What is 7 + (-16 - -2) - -6?
-1
7 + -1 + (171 - 172)
5
What is the value of 3 - ((-4 - -4 - 4) + 3)?
4
Calculate 3 - -1 - (0 + 8) - -1.
-3
What is the value of 1 - (2 + (1 - -1) + -4)?
1
3 + 12 + 1 - 6 - 5
5
What is -1 - (3 + -2 + 3)?
-5
What is -1 + 0 - 5 - (0 + -2)?
-4
1 + -3 + 1 + -10 + 7
-4
What is the value of -9 + (19 + -6 - 8)?
-4
What is -9 - ((-5 - 0) + 1)?
-5
Calculate (126 - 134) + 0 + 1.
-7
What is (-8 + 2 - -2) + (264 - 253)?
7
What is -1 + (1 - 7) + 2 + -1?
-6
Calculate -1 + -2 + 2 + -3 + -2.
-6
What is -6 - (5 - (-2 - (-4 - 14)))?
5
-9 + 12 + -1 + 5
7
15 + -21 + (0 - -6)
0
What is the value of -4 - (-6 + -5 + 2)?
5
What is the value of 4 + (3 - 5) + 7 + -4?
5
What is (4 - (0 + 3 + -5)) + -4?
2
Calculate (-4 - (0 + -1)) + 5.
2
Evaluate -1 + -3 + (-3 - -5).
-2
(-7 - (-2 - 7)) + -5 - -9
6
Calculate 1 - ((-7 - (-4 + -1)) + 4).
-1
Evaluate 2 - 2 - 2 - 3.
-5
Calculate -2 - -1 - ((11 - 7) + -1).
-4
Evaluate 4 - 1 - (-2 - (1 + -1)).
5
-4 + 1 + (-4 - -10)
3
1 + (-2 - -2 - 3) + 1
-1
What is 0 + 1 - (3 - 2)?
0
-3 + 9 + -3 - -1
4
What is 4 - (4 + -6) - 14?
-8
What is -8 - (-1 + -4) - 0 - -7?
4
-1 - -10 - 10 - (0 - 0)
-1
Evaluate 4 + -5 + 3 + -2.
0
Calculate (-3 - 0) + -3 + 2.
-4
Calculate -15 - (10 - 23) - -10.
8
What is the value of -3 + (3 - 0 - 5) - 0?
-5
What is 7 + (-4 - 1) + 2 + 3?
7
What is (-8 + 25 - 4) + -6?
7
Evaluate -2 + (-10 - -5) + 7.
0
Calculate (-1 - 2) + (15 - 1 - 3).
8
Calculate -3 - (-3 + (-2 - -3) + 4).
-5
Evaluate -2 + (20 - 9) - 14.
-5
What is 7 - (-4 - (-2 + -4))?
5
Calculate 1 - ((6 - 4) + 0).
-1
